v(-10).
-9
Let w(o) = 2*o + 24. Determine w(0).
24
Let g(a) = 4*a + 81. Give g(-18).
9
Let z(w) = -w**3 + 4*w**2 + 6*w - 13. Determine z(4).
11
Let a(g) = -g**2 - g - 1. Calculate a(-4).
-13
Let j(k) = -26*k - 157. What is j(-6)?
-1
Let w(u) = u**3 + 16*u**2 + 29*u + 228. What is w(-15)?
18
Let z(l) = -2*l**2 - 41*l - 26. Give z(-20).
-6
Let w(p) = -2*p - 21. Calculate w(-5).
-11
Let i(t) = 2*t**3 + 2*t**2 + t. Give i(-2).
-10
Let c(x) = -x**3 + 8*x**2 - 13*x + 1. Calculate c(3).
7
Let l(y) = y**2 + 23*y - 104. Give l(-27).
4
Let t(g) = -4*g - 10. Determine t(-2).
-2
Let o(y) = -y**2 + 4*y + 26. Determine o(-4).
-6
Let f(o) = -o**2 + 82*o + 243. Calculate f(-3).
-12
Let p(y) = y. Give p(0).
0
Let x(a) = -a**3 + 6*a**2 + 17*a. What is x(-2)?
-2
Let x(b) = 4*b + 1. Determine x(-4).
-15
Let r(o) = -o**3 - 6*o**2 + 7*o + 44. Determine r(-6).
2
Let p(o) = -o + 9. Determine p(8).
1
Let g(q) = q**2 + 13*q + 37. Calculate g(-9).
1
Let n(x) = -x**3 + 44*x**2 - 2*x + 94. Determine n(44).
6
Let l(s) = s**2 - 10*s - 18. Calculate l(13).
21
Let f(v) = -3*v - 14. Calculate f(-6).
4
Let y(b) = b**3 + 24*b**2 + 43*b - 43. Give y(-22).
-21
Let p(g) = g**3 + 3*g**2 - g + 3. Determine p(-3).
6
Let m(a) = a**3 + 3*a**2. Determine m(-5).
-50
Let i(g) = g**2 - 5*g - 8. Determine i(8).
16
Let v(u) = u**3 + 15*u**2 - 18*u + 12. Give v(-16).
44
Let k(b) = b**2 - 22*b + 96. Give k(14).
-16
Let v(o) = 16*o + 2. Calculate v(-1).
-14
Let n(z) = -z**3 + 11*z**2 + 10*z + 1. What is n(12)?
-23
Let x(u) = -u**3 - 3*u**2 + 3*u + 1. Give x(-3).
-8
Let u(d) = d**3 + 2*d**2 + d + 1. Determine u(0).
1
Let b(s) = 8*s**3 - 16*s**2 - s + 8. What is b(2)?
6
Let c(o) = 2*o**2 + 7*o - 115. Give c(-10).
15
Let y(l) = l**3 + 2*l**2 - l - 2. Calculate y(-2).
0
Let y(w) = w**2 + 3*w - 18. Calculate y(-7).
10
Let x(i) = 7*i + 10. Calculate x(4).
38
Let v(k) = 2*k + 30. Give v(-10).
10
Let t(m) = m**2 + 15*m - 1. What is t(-17)?
33
Let z(k) = -2*k + 9. Calculate z(6).
-3
Let p(h) = -h**2 - h + 7. Give p(0).
7
Let y(w) = -w**2 - 20*w - 18. Calculate y(-19).
1
Let v(i) = i**3 + 6*i**2 - 4*i - 5. Determine v(-7).
-26
Let a(c) = -7*c - 7. Give a(-2).
7
Let q(k) = -21*k - 5. Give q(3).
-68
Let z(v) = v**2 - 14*v + 39. What is z(20)?
159
Let m(i) = -i**3 - 7*i**2 - 10*i + 11. What is m(-5)?
11
Let u(s) = 28*s - 31. What is u(-6)?
-199
Let k(x) = x**3 - 13*x**2 + x - 18. What is k(13)?
-5
Let q(y) = y**3 - 6*y**2 + 5*y + 12. What is q(6)?
42
Let r(g) = -25*g - 39. Calculate r(-1).
-14
Let w(h) = -10*h + 1. What is w(4)?
-39
Let x(i) = 9*i - 101. What is x(15)?
34
Let g(j) = -3*j + 7. What is g(5)?
-8
Let h(t) = -t**3 + 6*t**2 - 9*t + 4. What is h(3)?
4
Let p(b) = 11*b + 1. Calculate p(-1).
-10
Let c(f) = 3*f + 1. Give c(-4).
-11
Let z(d) = -2*d**2 + 23*d - 71. Determine z(5).
-6
Let z(p) = 25*p + 748. Give z(-30).
-2
Let a(d) = d + 29. Give a(19).
48
Let j(o) = 47*o**2 + 2*o + 1. Determine j(-1).
46
Let h(x) = x**2 - 10*x + 7. What is h(6)?
-17
Let u(l) = l**2 + 14*l + 18. Give u(-8).
-30
Let k(i) = 16*i + 67. Give k(-5).
-13
Let r(i) = -2*i**2 - 22*i - 5. Calculate r(-10).
15
Let k(l) = 2*l**2 + 30*l - 42. Determine k(-16).
-10
Let i(q) = q**3 + 12*q**2 + 2*q - 9. Determine i(-12).
-33
Let i(s) = -13*s + 2. Give i(3).
-37
Let q(b) = -2*b**2 - 64*b + 12. Determine q(-32).
12
Let o(i) = -i - 7. What is o(4)?
-11
Let t(x) = x + 15. Determine t(-5).
10
Let g(t) = -t**3 + 6*t**2 + 12*t - 1. Determine g(7).
34
Let l(z) = 2*z**3 + 31*z**2 + 17*z + 29. Calculate l(-15).
-1
Let q(y) = y**2 + 4*y + 7. What is q(-5)?
12
Let p(d) = -2*d - 3. What is p(5)?
-13
Let z(x) = 20*x - 3. Give z(2).
37
Let l(a) = a**3 + 6*a**2 + 4*a + 5. What is l(-5)?
10
Let a(y) = y**2 - 3*y + 2. Give a(9).
56
Let r(w) = w**2 - 3*w + 3. What is r(3)?
3
Let g(b) = 40*b**2 - 2*b - 1. Give g(-1).
41
Let o(k) = k - 8. Calculate o(11).
3
Let a(h) = 3*h - 57. Give a(19).
0
Let n(f) = -f**3 - 9*f**2 - 9*f - 78. What is n(-9)?
3
Let g(u) = u**2 - 5*u - 5. Give g(-2).
9
Let z(t) = t**2 - 22*t + 96. What is z(5)?
11
Let h(k) = -52*k + 5. Give h(1).
-47
Let z(t) = t - 11. Calculate z(15).
4
Let o(f) = 5*f + 24. Calculate o(-6).
-6
Let p(v) = -v**3 + 9*v**2 - 17*v - 7. Give p(6).
-1
Let f(l) = 2*l + 3. Determine f(2).
7
Let x(z) = 5*z - 25. Give x(8).
15
Let m(b) = 103*b - 1857. Give m(18).
-3
Let s(i) = -i**3 + 4*i**2 + 10*i + 3. Give s(6).
-9
Let i(p) = -p**3 - 10*p**2 - 18*p - 10. What is i(-8)?
6
Let k(t) = 134*t - 148. Determine k(1).
-14
Let z(y) = -y**2 + 6*y + 2. Determine z(-4).
-38
Let z(i) = i - 13. Calculate z(13).
0
Let d(g) = 4*g**2 + 2*g - 1. Give d(-2).
11
Let r(p) = 2*p**3 + 4*p**2 - 7*p - 5. What is r(-3)?
-2
Let j(p) = -167*p - 661. Calculate j(-4).
7
Let c(w) = -w**3 + 20*w**2 + 10*w - 207. Calculate c(20).
-7
Let b(r) = -r**3 - 7*r**2 - 6*r + 6. What is b(-6)?
6
Let t(w) = -4*w + 11. What is t(5)?
-9
Let x(u) = -8*u + 3. Determine x(3).
-21
Let s(q) = -2*q**2 - 23*q - 11. What is s(-11)?
0
Let d(q) = 27*q**3 - q. Give d(1).
26
Let c(i) = -i**2 - i + 5. Give c(-3).
-1
Let x(z) = -z**3 - 47*z**2 + 3*z + 142. What is x(-47)?
1
Let x(t) = t**2 + 7*t - 10. Give x(-7).
-10
Let x(p) = 2*p**2 + 5*p. Give x(-3).
3
Let d(j) = -16*j + 8. Give d(3).
-40
Let q(c) = -c**3 + 20*c**2 + 24*c - 60. Calculate q(21).
3
Let y(b) = b**3 - 33*b**2 - 106*b - 86. Determine y(36).
-14
Let s(b) = b**3 + 9*b**2 - b + 2. Give s(-9).
11
Let y(t) = 320*t - 5. Calculate y(0).
-5
Let v(s) = 10*s - 63. What is v(8)?
17
Let h(r) = -r**3 + 38*r**2 + 78*r + 74. Give h(40).
-6
Let h(c) = 4*c - 1. What is h(9)?
35
Let s(k) = 2*k + 19. Determine s(-6).
7
Let q(u) = 7*u + 3. What is q(-1)?
-4
Let m(b) = -b**3 - 10*b**2 - 9*b - 8. What is m(-6)?
-98
Let r(b) = -b**3 - 13*b**2 - 13*b - 164. Give r(-13).
5
Let q(f) = -f - 7. What is q(21)?
-28
Let j(w) = -w**2 + 5*w + 2. What is j(6)?
-4
Let h(z) = z**3 + 6*z**2 + 3. What is h(-6)?
3
Let m(h) = h + 17. Determine m(-18).
-1
Let l(j) = 17*j**2 + 1. What is l(-2)?
69
Let s(g) = g**3 + 12*g**2 + 13*g + 3. Give s(-11).
-19
Let a(w) = 4*w**2 + 5*w - 16. Determine a(2).
10
Let s(h) = h**2 + 3*h + 2. Calculate s(-1).
0
Let n(j) = -10*j - 104. Calculate n(-10).
-4
Let n(k) = k**2 + 22*k - 6. Give n(-23).
17
Let d(u) = -u**2 + 11*u - 5. What is d(19)?
-157
Let q(x) = 6*x**3 - x**2 + 4*x - 3. Calculate q(2).
49
Let g(q) = 5*q - 49. Calculate g(-12).
-109
Let k(y) = y**2 - y - 6. What is k(-2)?
0
Let l(m) = 12*m - 5. Determine l(2).
19
Let p(t) = -t**3 + 14*t**2 - 24*t + 4. Determine p(12).
4
Let c(h) = h**3 + 5*h**2 + 4*h - 3. What is c(-4)?
-3
Let k(m) = -5*m**3 - 48*m**2 + 21*m + 8. Determine k(-10).
-2
Let s(b) = b**2 + 7*b - 4. What is s(-10)?
26
Let i(g) = -4*g**2 + 45*g - 1. What is i(10)?
49
Let c(z) = -z**3 - 4*z**2 - 22*z - 120. Give c(-5).
15
Let t(p) = -p**3 - 6*p**2 - 7*p - 10. Give t(-5).
0
Let n(o) = -o**3 + 14*o**2 - 14*o + 1. Determine n(13).
-12
Let f(d) = -d**2 - 18*d + 2. What is f(-18)?
2
Let n(o) = -4*o - 46. Determine n(-7).
-18
Let w(x) = x**3 + 7*x**2 - 6*x - 2. Calculate w(-8).
-18
Let i(r) = r**3 + 5*r**2 - 2. Determine i(-4).
14
Let p(c) = -4*c + 3. What is p(6)?
-21
Let d(w) = -w**3 - 10*w**2 + w - 11. Calculate d(-10).
-21
Let r(z) = z**3 + 10*z**2 + 24*z - 10. Calculate r(-6).
-10
Let n(a) = 2*a + 36. Give n(-18).
0
Let j(s) = s**3 - 6*s**2 - 13*s + 34. Calculate j(7).
-8
Let f(n) = 13*n - 46. Determine f(0).
-46
Let r(v) = v**3 + 5*v**2 - 11*v - 26. Calculate r(-6).
4
Let k(f) = -15*f + 541. What is k(36)?
1
Let l(y) = -y - 9. Calculate l(-11).
2
Let g(k) = 2*k - 10. Give g(-7).
-24
Let z(i) = i - 19. Calculate z(0).
-19
Let a(k) = k**2 + 3*k - 4. Determine a(-4).
0
Let j(d) = 12*d - 20. What is j(3)?
16
Let a(p) = -p**2 - 7*p + 110. Give a(7).
12
Let n(d) = 5*d - 135. Determine n(24).
-15
Let o(a) = -a**3 - 3*a**2 + 8*a - 12. Determine o(-5).
-2
Let p(d) = -d**2 + 8*d + 7. Calculate p(-1).
-2
Let x(d) = 3*d**2 + 2*d - 9. Determine x(2).
7
Let y(z) = 9*z + 50. Calculate y(-6).
-4
Let z(r) = -r**3 + 3*r**2 - 2*r + 38. Give z(4).
14
Let o(a) = a**3 - a**2 - 20*a + 5. Determine o(5).
5
Let l(g) = -98*g - 583. Calculate l(-6).
5
Let o(v) = v**2 - 7*v + 3. What is o(7)?
3
Let d(g) = -g**2 - 46*g - 115. What is d(-44)?
-27
Let s(l) = -3*l**2 - 25*l. Determine s(-8).
8
Let p(y) = 8*y + 9. What is p(7